{"id":136,"date":"2022-09-02T17:57:49","date_gmt":"2022-09-02T17:57:49","guid":{"rendered":"https:\/\/iphonetech.com.ar\/?page_id=136"},"modified":"2022-09-05T14:16:11","modified_gmt":"2022-09-05T14:16:11","slug":"tablet","status":"publish","type":"page","link":"https:\/\/iphonetech.com.ar\/?page_id=136","title":{"rendered":"Tablet"},"content":{"rendered":"\t\t<div data-elementor-type=\"wp-page\" data-elementor-id=\"136\" class=\"elementor elementor-136\" data-elementor-settings=\"[]\">\n\t\t\t\t\t\t\t<div class=\"elementor-section-wrap\">\n\t\t\t\t\t\t\t<section class=\"elementor-section elementor-top-section elementor-element elementor-element-44bd194 elementor-section-boxed elementor-section-height-default elementor-section-height-default\" data-id=\"44bd194\" data-element_type=\"section\">\n\t\t\t\t\t\t<div class=\"elementor-container elementor-column-gap-default\">\n\t\t\t\t\t<div class=\"elementor-column elementor-col-100 elementor-top-column elementor-element elementor-element-a6ec977\" data-id=\"a6ec977\" data-element_type=\"column\">\n\t\t\t<div class=\"elementor-widget-wrap elementor-element-populated\">\n\t\t\t\t\t\t\t\t<section class=\"elementor-section elementor-inner-section elementor-element elementor-element-6e00091 elementor-section-boxed elementor-section-height-default elementor-section-height-default\" data-id=\"6e00091\" data-element_type=\"section\">\n\t\t\t\t\t\t<div class=\"elementor-container elementor-column-gap-default\">\n\t\t\t\t\t<div class=\"elementor-column elementor-col-25 elementor-inner-column elementor-element elementor-element-33dd75f\" data-id=\"33dd75f\" data-element_type=\"column\">\n\t\t\t<div class=\"elementor-widget-wrap elementor-element-populated\">\n\t\t\t\t\t\t\t\t<div class=\"elementor-element elementor-element-b43a184 elementor-widget elementor-widget-text-editor\" data-id=\"b43a184\" data-element_type=\"widget\" data-widget_type=\"text-editor.default\">\n\t\t\t\t<div class=\"elementor-widget-container\">\n\t\t\t\t\t\t\t<ul><li>Pantalla \u2013 Vidrio<\/li><li>Tactil \u2013 Display<\/li><li>Conector de carga<\/li><li>Cambio de bater\u00eda<\/li><li>Cambio de carcasas<\/li><\/ul>\t\t\t\t\t\t<\/div>\n\t\t\t\t<\/div>\n\t\t\t\t\t<\/div>\n\t\t<\/div>\n\t\t\t\t<div class=\"elementor-column elementor-col-25 elementor-inner-column elementor-element elementor-element-fb5308e\" data-id=\"fb5308e\" data-element_type=\"column\">\n\t\t\t<div class=\"elementor-widget-wrap elementor-element-populated\">\n\t\t\t\t\t\t\t\t<div class=\"elementor-element elementor-element-dce1a02 elementor-widget elementor-widget-text-editor\" data-id=\"dce1a02\" data-element_type=\"widget\" data-widget_type=\"text-editor.default\">\n\t\t\t\t<div class=\"elementor-widget-container\">\n\t\t\t\t\t\t\t<ul><li>Entrada Auricular<\/li><li>Parlante \u2013 Altavoz<\/li><li>Bot\u00f3n encendido<\/li><li>Bot\u00f3n inicio<\/li><li>Problemas de humedad<\/li><\/ul>\t\t\t\t\t\t<\/div>\n\t\t\t\t<\/div>\n\t\t\t\t\t<\/div>\n\t\t<\/div>\n\t\t\t\t<div class=\"elementor-column elementor-col-25 elementor-inner-column elementor-element elementor-element-e3cbe6a\" data-id=\"e3cbe6a\" data-element_type=\"column\">\n\t\t\t<div class=\"elementor-widget-wrap elementor-element-populated\">\n\t\t\t\t\t\t\t\t<div class=\"elementor-element elementor-element-add9f53 elementor-widget elementor-widget-text-editor\" data-id=\"add9f53\" data-element_type=\"widget\" data-widget_type=\"text-editor.default\">\n\t\t\t\t<div class=\"elementor-widget-container\">\n\t\t\t\t\t\t\t<ul><li>Botones de volumen<\/li><li>C\u00e1mara delantera<\/li><li>C\u00e1mara trasera<\/li><li>Sensor de proximidad<\/li><li>Cargadores<\/li><\/ul>\t\t\t\t\t\t<\/div>\n\t\t\t\t<\/div>\n\t\t\t\t\t<\/div>\n\t\t<\/div>\n\t\t\t\t<div class=\"elementor-column elementor-col-25 elementor-inner-column elementor-element elementor-element-799b864\" data-id=\"799b864\" data-element_type=\"column\">\n\t\t\t<div class=\"elementor-widget-wrap elementor-element-populated\">\n\t\t\t\t\t\t\t\t<div class=\"elementor-element elementor-element-5fae12d elementor-widget elementor-widget-text-editor\" data-id=\"5fae12d\" data-element_type=\"widget\" data-widget_type=\"text-editor.default\">\n\t\t\t\t<div class=\"elementor-widget-container\">\n\t\t\t\t\t\t\t<ul><li>Actualizaci\u00f3n de software<\/li><li>Borrado de fabrica<\/li><li>Recuperacion de datos<\/li><li>Restauracion de sistema operativo<\/li><li>No enciende o No inicia<\/li><\/ul>\t\t\t\t\t\t<\/div>\n\t\t\t\t<\/div>\n\t\t\t\t\t<\/div>\n\t\t<\/div>\n\t\t\t\t\t\t\t<\/div>\n\t\t<\/section>\n\t\t\t\t\t<\/div>\n\t\t<\/div>\n\t\t\t\t\t\t\t<\/div>\n\t\t<\/section>\n\t\t\t\t\t\t<\/div>\n\t\t\t\t\t<\/div>\n\t\t","protected":false},"excerpt":{"rendered":"<p>Pantalla \u2013 Vidrio Tactil \u2013 Display Conector de carga Cambio de bater\u00eda Cambio de carcasas Entrada Auricular Parlante \u2013 Altavoz Bot\u00f3n encendido Bot\u00f3n inicio Problemas de humedad Botones de volumen C\u00e1mara delantera C\u00e1mara trasera Sensor de proximidad Cargadores Actualizaci\u00f3n de software Borrado de fabrica Recuperacion de datos Restauracion de sistema operativo No enciende o No <a href=\"https:\/\/iphonetech.com.ar\/?page_id=136\" rel=\"nofollow\"><span class=\"sr-only\">Read more about Tablet<\/span>[&hellip;]<\/a><\/p>\n","protected":false},"author":1,"featured_media":0,"parent":0,"menu_order":0,"comment_status":"closed","ping_status":"closed","template":"","meta":{"_monsterinsights_skip_tracking":false,"_monsterinsights_sitenote_active":false,"_monsterinsights_sitenote_note":"","_monsterinsights_sitenote_category":0,"footnotes":""},"class_list":["post-136","page","type-page","status-publish","hentry"],"_links":{"self":[{"href":"https:\/\/iphonetech.com.ar\/index.php?rest_route=\/wp\/v2\/pages\/136"}],"collection":[{"href":"https:\/\/iphonetech.com.ar\/index.php?rest_route=\/wp\/v2\/pages"}],"about":[{"href":"https:\/\/iphonetech.com.ar\/index.php?rest_route=\/wp\/v2\/types\/page"}],"author":[{"embeddable":true,"href":"https:\/\/iphonetech.com.ar\/index.php?rest_route=\/wp\/v2\/users\/1"}],"replies":[{"embeddable":true,"href":"https:\/\/iphonetech.com.ar\/index.php?rest_route=%2Fwp%2Fv2%2Fcomments&post=136"}],"version-history":[{"count":19,"href":"https:\/\/iphonetech.com.ar\/index.php?rest_route=\/wp\/v2\/pages\/136\/revisions"}],"predecessor-version":[{"id":563,"href":"https:\/\/iphonetech.com.ar\/index.php?rest_route=\/wp\/v2\/pages\/136\/revisions\/563"}],"wp:attachment":[{"href":"https:\/\/iphonetech.com.ar\/index.php?rest_route=%2Fwp%2Fv2%2Fmedia&parent=136"}],"curies":[{"name":"wp","href":"https:\/\/api.w.org\/{rel}","templated":true}]}}